 = 66473 - 20526. Is n a prime number?
False
Suppose -v = 5*m + 4*v - 9010, -5*m + 2*v + 9003 = 0. Is m - (1 - 1)/(-4) a composite number?
False
Suppose 0 = -4*z - 356 + 36. Let b = 219 - z. Is b composite?
True
Let j = -15 - -17. Suppose 5*i - 17 = -2*s, -i = j*s + 2*i - 27. Is s a prime number?
False
Suppose 0 = 131*v - 142*v + 475607. Is v composite?
False
Let n = 87 + -99. Is (-5)/((-150)/n) + (-6294)/(-10) prime?
False
Let f = -3536 - -7619. Suppose 3*j - 9 = -2*b, b + 2 = j + 2*b. Suppose -8*g + f = -j*g. Is g prime?
True
Let i(d) = 4*d**3 + 2*d**2 - 2*d. Let m be i(1). Is -1*(m - 5) - -2*593 a prime number?
True
Let z(g) = -g**2 + 2*g + 94. Let v be z(0). Let n = v - 28. Suppose 2*o + 2*o - 5*u = 179, 3*u - n = -o. Is o composite?
True
Let x = 0 + 4. Let p(v) = v - 6. Let r be p(8). Suppose -3*m + 5*z = -141, r*m - 94 = -0*z + x*z. Is m a prime number?
True
Let r(f) be the first derivative of -5/2*f**2 + f - 1. Is r(-1) a prime number?
False
Is -1*9277/5*(-10)/2 a prime number?
True
Suppose 79*k - 62*k = 1786547. Is k a composite number?
True
Let d(t) = -38*t + 29. Let v be d(6). Let o = v + 305. Is o a prime number?
False
Let j(i) be the third derivative of 0*i**4 + 0*i + 0 - 5*i**2 - i**3 + 1/12*i**5. Is j(-5) composite?
True
Let x(g) = 2*g**2 - 6*g + 2. Let n be x(4). Let i(s) = -n - 2*s + 3*s - 5*s - 3. Is i(-11) a composite number?
False
Suppose -2*i = -4*i + 6. Let d(v) = -11*v**3 - v**2 + 3*v - 4. Let b be d(-3). Suppose -b = -i*c - 38. Is c a prime number?
True
Is (-140)/175 + (-31094)/(-5) prime?
False
Let b(k) = 5*k**2 - 7*k + 1. Suppose 1 = 5*w + 31. Is b(w) prime?
True
Is ((-2)/(-4) - 0) + (-224286)/(-116) a prime number?
False
Is 1 - (-3056)/9 - 68/(-153) a composite number?
True
Suppose -14*d - 34*d = -889872. Is d composite?
False
Let n(p) = p**3 + p**2 + 5*p + 2. Let f be n(-4). Let x be (-1)/(-2) - (-226)/(-4). Is (f/(-24))/((-2)/x) composite?
True
Let a = 17 - 11. Is (-1115)/(-3) - a/9 composite?
True
Let d(i) = 2*i**3 - 4*i**2 - i**3 + 3*i - 5 - 2*i. Suppose a = 10*a - 63. Is d(a) prime?
True
Let i be (-2)/4*-10*1. Suppose -1 = -2*j + i. Suppose -4 = c - j*b - 28, -2*c - 4*b = -18. Is c a prime number?
False
Let g be (0 + 1)/((-2)/(-4)). Suppose p = y + 6, 4*p + g*y = p - 2. Suppose -p = d + 2, -2*m - d = -34. Is m composite?
False
Let z = 11624 - -2241. Suppose -5*p + z = 5*j, 0 = j + 6 - 2. Is p a composite number?
False
Suppose -3*f = -d - 1 - 1665, 2*f - d - 1109 = 0. Is f a composite number?
False
Let a be 9*(-4 + (-1 + 2)*5). Is (1 - a) + 4 - -71 prime?
True
Is (-11)/22 + 30203/2 prime?
True
Let h(d) be the third derivative of -2*d**4/3 + 19*d**3/6 - 23*d**2. Is h(-4) prime?
True
Let f(z) = -6*z - 25. Let t be f(-2). Is 793 - (t/(-39))/(2/(-24)) a composite number?
False
Let m(s) = -s**3 - 10*s**2 - 8*s + 11. Let a = 18 + -29. Let u = a + 1. Is m(u) a composite number?
True
Let h(q) = -2*q**3 + 22*q**2 + 3*q + 14. Let n(c) = -c**3 + 11*c**2 + c + 7. Let i(o) = 4*h(o) - 9*n(o). Is i(11) composite?
True
Let w(m) = 3*m**2 - 14*m - 41. Is w(-30) a prime number?
True
Suppose -14 = -2*l - 2. Let w(b) = 7*b**3 - 4*b**2 + 6*b + 1. Is w(l) prime?
False
Suppose 39*y - 21*y = 22986. Is y prime?
True
Let r = -1467 - -3390. Is r prime?
False
Let m be 12/(-42)*-7*1. Let o be ((-120)/m)/(-4) - 0. Suppose 0 = -3*y - o, 2*c + c - 254 = y. Is c a prime number?
True
Let z(p) = -73*p**3 - 2*p**2 + 7*p - 1. Is z(-3) a prime number?
True
Let p = 78 - 76. Suppose -4*v + 119 = 5*h, -p*v - 2 = 3*h - 61. Is v prime?
True
Let k = -73850 - -109371. Is k a prime number?
True
Let p = -1996 + 36053. Is p prime?
True
Let q(i) be the first derivative of i**6/12 - i**5/15 + i**4/4 - i**3/6 - 4*i**2 - 3. Let a(x) be the second derivative of q(x). Is a(6) a prime number?
False
Let r(z) = 11*z**2 + 17*z - 17. Is r(-26) a composite number?
False
Let d(g) = 34*g**2 + 11*g + 79. Is d(-18) prime?
False
Let l(p) = -36*p**3 + 6*p**2 + 5*p - 7. Let y be l(-3). Suppose y + 1 = 5*n. Is n a prime number?
False
Let v(k) = -k**3 - 3*k**2 - 2*k - 2. Let x be v(-2). Let r be ((-147)/42)/(x/496). Let u = r + -429. Is u a prime number?
True
Let s = 133 + -357. Is 5/(-5)*(1 + s) prime?
True
Suppose -t - 23388 + 68029 = 2*o, -3*t + 4*o + 133883 = 0. Is t composite?
False
Let t(w) = -166*w**3 - 8*w**2 - 33*w - 99. Is t(-4) prime?
True
Let s(q) = -2*q - 33. Let t be s(-18). Suppose 2*y = t*l - 421, 4*y + 6 = y. Is l a prime number?
True
Let g = -38 + 41. Suppose 0 = -0*l - 3*l - q + 642, 0 = -g*l + 4*q + 627. Is l a composite number?
True
Let i be ((-3)/(-2) + -1)/((-44)/1672). Let j(m) = m**3 + 22*m**2 + 23*m - 23. Is j(i) a composite number?
True
Suppose -460*q + 467*q - 206689 = 0. Is q a composite number?
False
Let j be (6 + -4)*(278 - 1). Let s = j - 173. Is s a composite number?
True
Suppose i - 3*x = 461, -1018 - 1351 = -5*i - x. Suppose -s = -h - i, -4*h = 5*s - 1325 - 1004. Is s a prime number?
False
Suppose 0 = -2757*q + 2754*q + 7881. Is q composite?
True
Let v = -5189 + 28698. Is v a prime number?
True
Let l be -1 - (-1)/((-4)/(-154796)). Is l/66 - (-2)/3 composite?
False
Suppose -3*u + 22729 = v, 15155 = 2*u - 0*u + 3*v. Is u/12 + 3 + (-10)/3 composite?
False
Let u(b) = -2*b**3 - 4*b**2 - 2*b - 2. Let f(w) be the second derivative of w**5/5 - w**3/3 - w**2/2 - 7*w. Let t be f(-1). Is u(t) a composite number?
True
Let z(o) = 20*o**3 + 6*o**2 - 62*o - 5. Is z(9) composite?
False
Let r(l) = 70*l**3 + 17*l**2 + 7*l - 37. Is r(5) a prime number?
True
Let f be (-305)/(-30) - 6 - 2/12. Suppose 0 = q - 3*g - 15 - 12, -81 = -3*q + 4*g. Suppose -3*h + q = -y - f, 4*y = 2*h - 24. Is h composite?
True
Let b be ((-1)/(-2))/(7/42). Suppose y - 4*g = 356, 0*y + 3*g + 1023 = b*y. Suppose 4*i = -y + 1396. Is i a prime number?
False
Let p(h) = 4*h - 18. Let v be p(10). Let o = 13 - v. Is o/(-6)*(-4490)/(-15) a composite number?
False
Let i(t) = 2*t**2 + 5*t - 14. Let s be i(-5). Suppose s*w - 12*w = -1238. Is w a composite number?
True
Is ((7 - 6)/2)/((-2)/(-41708)) composite?
False
Let r = -611 + 987. Is 0 + 1 + 2 + r/4 prime?
True
Let y be ((-7)/2 + 3)*-2. Let g be (-1)/2*(y - -11). Is ((-37)/1)/(5 + g) prime?
True
Let m(g) = -859*g + 291. Is m(-40) prime?
True
Suppose -j - 2*j + z + 4 = 0, 0 = -j + 2*z - 7. Suppose -5*h - 2705 = -2*o - 3*o, 0 = -j*h. Is o composite?
False
Let x(u) = -136*u - 15. Suppose 0 = -23*a + 24*a + 8. Is x(a) composite?
True
Let v(i) = -i**2 - 2*i + 2. Let q(t) = t**2 + 3*t - 5. Let c(o) = -2*q(o) - 5*v(o). Let h(n) = -n - 1. Let w be h(-4). Is c(w) prime?
False
Let w be (5 + -2)*(-242)/(-33). Let i be (6/(-4))/(w/(-132)). Suppose -i*k - 74 = -497. Is k prime?
True
Suppose 4*f - 7*j + 9192 = -3*j, -11496 = 5*f - 3*j. Let w = -964 - f. Is w prime?
False
Let y(l) = 240*l**2 - 2*l - 1. Suppose -5*n + 0 + 10 = 0. Is y(n) a composite number?
True
Let r = -339 - -758. Is r a prime number?
True
Suppose -6 = 3*g + 5*h + 13, 3*g = -3*h - 15. Is g + (6 + 1)*122 a composite number?
True
Suppose 2*z + 5*f - 773 = 0, -z - f = -5*f - 393. Is z composite?
False
Let d(b) = -6*b**3 + 7*b**2 + 13*b - 5. Let s = 22 + -28. Is d(s) a composite number?
True
Let o be 2/(-14) + 2/14. Suppose o = -6*i + i. Suppose z + i*z - 3*w = 584, 2901 = 5*z + 4*w. Is z composite?
True
Suppose -6 = 2*g, 5*g - 44 = -2*i - 5. Is 6/i + 100712/72 prime?
True
Let p(v) = 0*v - 3*v**3 - 6*v**3 + 5*v - v**2 + 3*v**3. Let k be p(-4). Suppose 7*d - 11*d + k = 0. Is d prime?
False
Suppose 0 = 3*u - 4*s + 1021 - 3394, -s = 3. Is u a composite number?
False
Suppose a + 16 = 2*q, 4*q = 5*a - 0*q + 50. Let j be (-3 + (-4 - a))*-19160. Is 3/(-2)*j/(-60) composite?
False
Let i = 185 + -341. Let x = i - -305. Is x a prime number?
True
Let k(f) = -f**3 - f. Let w be k(0). Let m be 8/(-4) - (w + -42). Let h = 163 + m. Is h a composite number?
True
Let f be ((-10)/6 + 1)*3. Let t be (-211)/((-1)/(-18)*f). Suppose -5*o - 2*x = -t, -o + x - 3*x = -383. Is o composite?
False
Let g = -5728 - -16801. Suppose -g - 2291 = -4*d. Is d prime?
False
Let m be 34/10 - (-3)/5. Suppose -m*a - 41 + 5 = 0. Let j = 1 - a. Is j a prime number?
False
Suppose -4*z - 78 = -7*z. Suppose 19 = -5*y - z. Is (-1)/((y/489)/3) a prime number?
True
Let k = 1706 - 431. Let l = k - 691. Suppose 2*z - 1386 - l = 0. Is z a composite